factors of i(1).
2, 5, 13
Let g = -38 + 41. Let o(s) = s**3 + s + 205. Let n be o(0). Suppose n = g*t - 116. What are the prime factors of t?
107
Suppose 0 = 5*u, -4*w + u = 15 + 9. Let g be 16*(9/w + 2). List the prime factors of 4 + g*-2*-6.
2, 5
Suppose 0 = -9*z + 66370 + 44330. What are the prime factors of z?
2, 3, 5, 41
Let h(b) = 0 - 24*b + 93*b**2 + b + 2 - 75*b**2. What are the prime factors of h(5)?
337
Suppose m - y - 19 = 9, -2*m - 3*y = -56. Let z be 1/((m/24)/(-7)). Let j = z + 37. What are the prime factors of j?
31
Suppose -3*v = -4*d + 84, 4*d + 78*v - 88 = 80*v. Suppose -d*p = -8*p - 18384. List the prime factors of p.
3, 383
Let j(u) = u**2 + 0*u**2 + 53 + u**2 + 11*u - 27. Let o = 3 - 9. List the prime factors of j(o).
2
Let n = -256 - -361. Suppose -40*q + 41*q = n. List the prime factors of q.
3, 5, 7
Suppose 5*m - y - 178 = 2*y, 4*m = -y + 156. Let r be m/5 - 14/(-35). Suppose -91 = -r*z + 229. List the prime factors of z.
2, 5
Let a = -201 - -168. What are the prime factors of 2/33*-3 - 7662/a?
2, 29
Let z(v) be the first derivative of v**4/4 - 16*v**3/3 + v**2 + 51*v - 104. What are the prime factors of z(16)?
83
Suppose -65 = -k - 4*y, -2*y = -0*y - 8. Suppose 5*m + 11 + k = 0. List the prime factors of (129/6 - 2)*(-6 - m).
3, 13
Let x(l) = 8*l**2 - 8*l - 69. Let s = -8 + 18. List the prime factors of x(s).
3, 7, 31
Suppose -5*w + 2*y = -47 - 13, -2*w + 33 = y. List the prime factors of (11 - -1)/(w/889).
2, 3, 127
Let w = -6307 - -9607. What are the prime factors of w?
2, 3, 5, 11
Suppose 0 = 29*l - 25*l - 5*s - 12445, -2*s + 9328 = 3*l. List the prime factors of l.
2, 5, 311
Let y(n) = 990*n**2 + 278*n + 1329. What are the prime factors of y(-5)?
7, 3527
Let t = -87 - -115. Let r be t/5 - (-18)/(-30). Suppose -h + 57 = 5*d, h + 4*h - r*d = 195. What are the prime factors of h?
2, 3, 7
Let c = -123 + 123. Suppose c = -14*b + 3409 + 7021. What are the prime factors of b?
5, 149
Suppose 2*o - 53006 = -4*g + 17266, -2*g + 5*o + 35160 = 0. What are the prime factors of g?
2, 5, 7, 251
Let y(i) = -9*i**3 + i**2 + i - 1. Let g be y(1). Let h be (-2 - g)*2 - 4. List the prime factors of h/(-2) + 66 + -1.
61
Let l be 2/(-9) + (0 - 1624/(-18)). Let s = 168 - l. Let q = s + -2. List the prime factors of q.
2, 19
Suppose -6752 = 2*k - 23162 - 23638. List the prime factors of k.
2, 2503
Let o(a) = -11*a - 31. Let y be o(-7). Let l be y/((-19)/5 + 4). Suppose 72 = m - 4*v, -5*v - l = -0*m - 3*m. List the prime factors of m.
2, 5
Let b be 24 - 20 - 60/2. Let c = 306 - b. List the prime factors of c.
2, 83
Let g = -2704 - -19389. What are the prime factors of g?
5, 47, 71
Let r = 3060 - -601. List the prime factors of r.
7, 523
List the prime factors of -3 + (20*228 - (-360)/45).
5, 11, 83
Let g = -74 + 4. Let b = g - -116. Suppose -5*z + b = -149. What are the prime factors of z?
3, 13
Suppose 5*z - 26 = 8*z - 5*i, 4*i = z + 18. Let y(n) = 84*n**2 + 15*n + 18. List the prime factors of y(z).
2, 3
Suppose -3*v + 0 + 30 = 3*h, -4*v + 31 = 3*h. Suppose h*k - 4046 = 1417. What are the prime factors of k?
607
Suppose 2*z = -3*q + 7, 57*q - 55*q = 5*z - 8. Let r(i) = 217*i**2 + 0*i - 4 + 2*i + 2*i. What are the prime factors of r(q)?
7, 31
Let r(y) = y**3 + 3*y**2 + y + 3. Let z be r(-3). Suppose -7*d + 9*d + 136 = z. Let t = 186 + d. What are the prime factors of t?
2, 59
Suppose -d - 51 = -3*z + 339, d - 130 = -z. Suppose 0 = -c + z + 128. List the prime factors of c.
2, 3, 43
Let i be (-396253)/1326 + (-10)/(-12). Let p(a) = 50*a**2 - 4. Let l be p(3). Let k = l + i. What are the prime factors of k?
2, 37
Suppose 473094 = 181*d - 373081. List the prime factors of d.
5, 11, 17
List the prime factors of ((-14480)/(-9) + 4)/((-10)/(-45)).
2, 19, 191
What are the prime factors of (-385)/616 + 3/(-8) + 18130?
3, 6043
Suppose -3*x = 3*z - 12, -4 = -2*x - 3*z + 3. Suppose -x*s = 0, 0 = 2*b - 0*s - 2*s - 266. List the prime factors of b.
7, 19
Suppose 2*i - 8*i = -26*i + 278320. List the prime factors of i.
2, 7, 71
List the prime factors of (-2199768)/(-120) + (-132)/55.
18329
Suppose -u = 5*q - 7731, -2*q = -36*u + 37*u - 7728. List the prime factors of u.
2, 3863
Let c be 19*9/(72/(-80)). Let g = 436 + c. List the prime factors of g.
2, 3, 41
Let b be (-37 - -33) + (0 - -6). Suppose 0 = b*g - 4*z + 5*z - 983, 5*g - 5*z = 2420. List the prime factors of g.
3, 163
Suppose j - 2*h = 4*j + 1018, -4*j + 2*h - 1376 = 0. What are the prime factors of j/4*(-82)/41?
3, 19
Let u = 6355 + -3496. List the prime factors of u.
3, 953
Let f(p) = -5*p + 9. Let t be f(0). Suppose 36 = -t*g + 6*g. What are the prime factors of (-1)/2 - 474*3/g?
2, 59
What are the prime factors of (-11 - (-126)/12)/(3/(-14886))?
3, 827
Let p(j) = -j + 22. Let o be p(13). Suppose 6*d = o*d - 288. Suppose -w + 4*w - d = 0. List the prime factors of w.
2
Let c = -3627 - -2090. Let q = 2630 + c. List the prime factors of q.
1093
Suppose 0 = -6*q + 8*q - 98. Let n = -24 + q. Suppose 27*s - 174 = n*s. List the prime factors of s.
3, 29
Let f(w) = -171*w**3 - 2*w**2 - 27*w - 100. What are the prime factors of f(-4)?
2, 3, 5, 7, 13
Let i(q) = -135*q**2 + 36*q - 151. Let x be i(5). Let u = -2386 - x. List the prime factors of u.
2, 3, 5
Let v(z) = -133 - 316*z + 653*z + 12 - 327*z. List the prime factors of v(18).
59
Let q(h) = -h**2 + 5*h. Suppose -5*t + 21 = 2*t. Let k be q(t). Suppose -k = 4*f - f, -2*f = s - 237. What are the prime factors of s?
241
Suppose -153*n = -52*n - 578932. What are the prime factors of n?
2, 1433
Suppose -4 - 11 = -5*p. Suppose -p*c + 56 = 32. Suppose -5*x - c = 3*f - 165, 5*f = -x + 247. What are the prime factors of f?
7
Let l(d) = 2*d - 9. Let w(f) = -2*f + 10. Let o(j) = -4*l(j) - 3*w(j). Let h be o(2). List the prime factors of (-2)/4 + (441/h)/7.
31
Let n(z) = 20*z + 21 + 18 + 18 - 33. What are the prime factors of n(6)?
2, 3
Suppose 0 = q + 5*i - 18740, 9*i - 5178 = 2*q - 42791. What are the prime factors of q?
5, 751
Suppose 21673 - 2353 = 15*c. Suppose 12474 - c = 17*a. What are the prime factors of a?
2, 7, 47
Suppose 9*x - 11510 = 331273. What are the prime factors of x?
7, 5441
List the prime factors of -1112*(-2922)/112 + 4/(-14).
67, 433
Suppose -t = -2*t - 5, 2*t = -4*v - 10. Suppose 0 = -3*a - v*a + 45. Suppose -2*n = 4*j - 0*j - 212, a = 3*j. What are the prime factors of n?
2, 3
Suppose 138541 - 1494651 = -59*r - 11*r. List the prime factors of r.
19373
Let m(r) = 2*r**2 + 28*r. Let b be m(-14). Let h(p) = p**3 - 4*p**2 + 689. List the prime factors of h(b).
13, 53
Suppose -r - 49 = 2. Let m = 109 + r. Let v = m + 1. What are the prime factors of v?
59
Suppose 901*p + 169122 = 907*p. What are the prime factors of p?
71, 397
Let i be (1/3)/((8/(-2))/(-36)). Suppose -62 = -i*h + 2*h. Suppose 2*v - h - 410 = 2*l, -v = 3*l - 224. What are the prime factors of v?
233
Let u(y) = y**3 + 4*y**2 + 2*y + 11. Let m be u(-4). Suppose 1564 = m*o - p, -2*o + 4*p + 1567 = o. List the prime factors of o.
521
Suppose -5*p - 3*i = -224, p - 51 + 9 = -2*i. Suppose 59 + p = -b. Let l = 179 + b. List the prime factors of l.
2, 37
Let o = 816 + -522. List the prime factors of 72/12 - o/(-2).
3, 17
Suppose 5*g = 1447 + 4768. What are the prime factors of g/5 - 2/(-5)?
3, 83
Suppose 58*c - 3757077 + 1414808 = 1074801. List the prime factors of c.
5, 11783
Suppose j = -j - 3*z + 21, -2*z + 4 = -2*j. Suppose -2*g + 0*g = 3*n - 76, j*n - 2*g - 56 = 0. List the prime factors of 1866/n + 18/99.
5, 17
Suppose 321*b - 310*b = 107437. List the prime factors of b.
9767
Suppose -5*r - 614 = 226. Let p = r - -1128. List the prime factors of p.
2, 3, 5
Suppose -12 + 3 = t + 4*c, -5*t - 3*c + 6 = 0. Suppose t*n = p - 831, 2*n - 4826 + 671 = -5*p. List the prime factors of p.
3, 277
Let n = -12 - -8. Let d(c) = 97*c + 4. Let q(u) = -282*u - 10. Let m(y) = 17*d(y) + 6*q(y). List the prime factors of m(n).
2, 3, 5
Let h be 260/1*(2 + 0). Suppose 4*r - 3*s - h = 0, -s - 228 - 157 = -3*r. Suppose -5*z + r = y + 42, 4*z + 340 = 4*y. What are the prime factors of y?
5, 17
Let y be (25 + -1)/(14/(-21)). Let d = y + 39. What are the prime factors of 37/2*((d - 0) + 1)?
2, 37
Suppose -i + 48966 = 5*v - 9535, -2*v + 23401 = i. Suppose 57*u = 70*u - v. What are the prime factor